{"id":6638,"date":"2016-03-07T18:00:56","date_gmt":"2016-03-07T18:00:56","guid":{"rendered":"http:\/\/carthage-tech.net\/test\/cl\/?page_id=6638"},"modified":"2016-03-07T18:00:56","modified_gmt":"2016-03-07T18:00:56","slug":"controle-de-qualite-et-de-conformite-des-produits-cosmetiques","status":"publish","type":"page","link":"https:\/\/seculab-dz.com\/?page_id=6638","title":{"rendered":"ANALYSE DES PRODUITS COSMETIQUES \/ D\u2019ENTRETIENTS"},"content":{"rendered":"<div class=\"wpb-content-wrapper\"><p>[vc_row][vc_column][vc_cta h2=\u00a0\u00bb\u00a0\u00bb h4=\u00a0\u00bbLe laboratoire vous propose une gamme compl\u00e8te de tests et analyses sur vos mati\u00e8res premi\u00e8res et produits finis pour assurer la s\u00e9curit\u00e9, la conformit\u00e9 et la qualit\u00e9 de vos produits d\u2019hygi\u00e8ne et de vos cosm\u00e9tiques.\u00a0\u00bb][\/vc_cta][\/vc_column][\/vc_row][vc_row][vc_column][vc_tta_tour][vc_tta_section title=\u00a0\u00bbAnalyses Microbiologiques\u00a0\u00bb tab_id=\u00a0\u00bb1593603556778-ea1d937d-822d\u00a0\u00bb][vc_row_inner][vc_column_inner width=\u00a0\u00bb1\/2&Prime;][vc_column_text]Permet de r\u00e9v\u00e9ler une \u00e9ventuelle d\u00e9faillance de l\u2019hygi\u00e8ne au cours du process de fabrication :<\/p>\n<ul>\n<li>Germes totaux,<\/li>\n<li>Ent\u00e9robact\u00e9ries,<\/li>\n<li>Escherichia coli,<\/li>\n<li>Staphylococcus aureus,<\/li>\n<li>Pseudomonas aeruginosa,<\/li>\n<li>Levures,<\/li>\n<li>Moisissures.<\/li>\n<\/ul>\n<p>[\/vc_column_text][\/vc_column_inner][vc_column_inner width=\u00a0\u00bb1\/2&Prime;][vc_single_image image=\u00a0\u00bb6647&Prime; img_size=\u00a0\u00bbmedium\u00a0\u00bb alignment=\u00a0\u00bbcenter\u00a0\u00bb style=\u00a0\u00bbvc_box_shadow_border\u00a0\u00bb css_animation=\u00a0\u00bbnone\u00a0\u00bb][\/vc_column_inner][\/vc_row_inner][\/vc_tta_section][vc_tta_section title=\u00a0\u00bbAnalyses physico-chimiques\u00a0\u00bb tab_id=\u00a0\u00bb1593603556819-00816812-a799&Prime;][vc_row_inner][vc_column_inner width=\u00a0\u00bb1\/2&Prime;][vc_column_text]Contenance, poids, pH, densit\u00e9, viscosit\u00e9, Degr\u00e9 alcoolique, mati\u00e8re active anionique, mati\u00e8re active cationique, humidit\u00e9, teneur en chlorures, teneur en alcali libre caustique, teneur en acides gras, Degr\u00e9 chlorom\u00e9trique\u2026[\/vc_column_text][\/vc_column_inner][vc_column_inner width=\u00a0\u00bb1\/2&Prime;][vc_single_image image=\u00a0\u00bb6640&Prime; img_size=\u00a0\u00bbmedium\u00a0\u00bb alignment=\u00a0\u00bbcenter\u00a0\u00bb style=\u00a0\u00bbvc_box_shadow_border\u00a0\u00bb css_animation=\u00a0\u00bbnone\u00a0\u00bb][\/vc_column_inner][\/vc_row_inner][\/vc_tta_section][vc_tta_section title=\u00a0\u00bbFormulation des produits cosm\u00e9tiques \/ entretiens\u00a0\u00bb tab_id=\u00a0\u00bb1593603999879-fd74a153-57e9&Prime;][vc_row_inner][vc_column_inner width=\u00a0\u00bb1\/2&Prime;][vc_column_text]Vous voulez vous lancez dans la fabrication et la commercialisation des produits d\u2019entretiens et produits des soins personnels.<\/p>\n<p>Vous pouvez demander vos formules des produits pour fabriquer d&rsquo;une fa\u00e7on professionnelle et industrielle et soyer concurrent des produits dans les rayons des magasins et du supermarch\u00e9.<\/p>\n<p>Nous mettons \u00e0 votre disposition notre savoir-faire de fabrication des cosm\u00e9tiques pour d\u00e9velopper vos produits\u00a0:<\/p>\n<ul>\n<li>&#8211; Soins du corps et visage: lotions,\u00a0baumes, eaux de toilette,\u00a0 d\u00e9maquillants&#8230;<\/li>\n<li>&#8211; Toilette\u00a0: gels douches, bains moussants, shampooing, savons liquides\u2026.<\/li>\n<\/ul>\n<p>[\/vc_column_text][\/vc_column_inner][vc_column_inner width=\u00a0\u00bb1\/2&Prime;][vc_single_image image=\u00a0\u00bb6900&Prime; img_size=\u00a0\u00bbmedium\u00a0\u00bb alignment=\u00a0\u00bbcenter\u00a0\u00bb style=\u00a0\u00bbvc_box_shadow_border\u00a0\u00bb][\/vc_column_inner][\/vc_row_inner][\/vc_tta_section][\/vc_tta_tour][\/vc_column][\/vc_row]<\/p>\n<\/div>","protected":false},"excerpt":{"rendered":"<p>[vc_row][vc_column][vc_cta h2=\u00a0\u00bb\u00a0\u00bb h4=\u00a0\u00bbLe laboratoire vous propose une gamme compl\u00e8te de tests &#8230; <\/p>\n","protected":false},"author":1,"featured_media":0,"parent":0,"menu_order":0,"comment_status":"closed","ping_status":"closed","template":"","meta":{"footnotes":""},"class_list":["post-6638","page","type-page","status-publish","hentry"],"_links":{"self":[{"href":"https:\/\/seculab-dz.com\/index.php?rest_route=\/wp\/v2\/pages\/6638","targetHints":{"allow":["GET"]}}],"collection":[{"href":"https:\/\/seculab-dz.com\/index.php?rest_route=\/wp\/v2\/pages"}],"about":[{"href":"https:\/\/seculab-dz.com\/index.php?rest_route=\/wp\/v2\/types\/page"}],"author":[{"embeddable":true,"href":"https:\/\/seculab-dz.com\/index.php?rest_route=\/wp\/v2\/users\/1"}],"replies":[{"embeddable":true,"href":"https:\/\/seculab-dz.com\/index.php?rest_route=%2Fwp%2Fv2%2Fcomments&post=6638"}],"version-history":[{"count":0,"href":"https:\/\/seculab-dz.com\/index.php?rest_route=\/wp\/v2\/pages\/6638\/revisions"}],"wp:attachment":[{"href":"https:\/\/seculab-dz.com\/index.php?rest_route=%2Fwp%2Fv2%2Fmedia&parent=6638"}],"curies":[{"name":"wp","href":"https:\/\/api.w.org\/{rel}","templated":true}]}}